 remainder when 514 is divided by 59.
42
What is the remainder when 10203 is divided by 27?
24
Calculate the remainder when 1129 is divided by 5.
4
Calculate the remainder when 87 is divided by 86.
1
Calculate the remainder when 296 is divided by 11.
10
What is the remainder when 4100 is divided by 10?
0
Calculate the remainder when 167 is divided by 38.
15
What is the remainder when 630 is divided by 309?
12
Calculate the remainder when 84 is divided by 47.
37
What is the remainder when 19 is divided by 5?
4
What is the remainder when 26557 is divided by 29?
22
What is the remainder when 235 is divided by 27?
19
Calculate the remainder when 348 is divided by 71.
64
Calculate the remainder when 7586 is divided by 7586.
0
What is the remainder when 598 is divided by 195?
13
Calculate the remainder when 259 is divided by 59.
23
What is the remainder when 292 is divided by 67?
24
What is the remainder when 18059 is divided by 43?
42
What is the remainder when 705 is divided by 7?
5
Calculate the remainder when 774 is divided by 115.
84
What is the remainder when 368 is divided by 62?
58
Calculate the remainder when 112 is divided by 78.
34
What is the remainder when 1837 is divided by 262?
3
Calculate the remainder when 2036 is divided by 204.
200
What is the remainder when 101 is divided by 21?
17
Calculate the remainder when 1032 is divided by 30.
12
What is the remainder when 3899 is divided by 83?
81
Calculate the remainder when 1977 is divided by 10.
7
Calculate the remainder when 296 is divided by 103.
90
Calculate the remainder when 37 is divided by 17.
3
Calculate the remainder when 271 is divided by 34.
33
What is the remainder when 361 is divided by 33?
31
Calculate the remainder when 1113 is divided by 35.
28
Calculate the remainder when 70 is divided by 61.
9
What is the remainder when 1799 is divided by 30?
29
Calculate the remainder when 1468 is divided by 333.
136
What is the remainder when 240 is divided by 26?
6
What is the remainder when 279 is divided by 80?
39
Calculate the remainder when 45 is divided by 5.
0
What is the remainder when 26 is divided by 8?
2
Calculate the remainder when 551 is divided by 54.
11
What is the remainder when 159 is divided by 24?
15
What is the remainder when 6875 is divided by 33?
11
What is the remainder when 1897 is divided by 38?
35
What is the remainder when 261 is divided by 89?
83
What is the remainder when 1291 is divided by 38?
37
What is the remainder when 697 is divided by 50?
47
What is the remainder when 209 is divided by 9?
2
Calculate the remainder when 250 is divided by 71.
37
Calculate the remainder when 407 is divided by 37.
0
Calculate the remainder when 1145 is divided by 229.
0
What is the remainder when 25 is divided by 13?
12
Calculate the remainder when 90 is divided by 32.
26
What is the remainder when 352 is divided by 110?
22
What is the remainder when 167 is divided by 4?
3
What is the remainder when 775 is divided by 190?
15
What is the remainder when 390 is divided by 91?
26
Calculate the remainder when 73 is divided by 57.
16
What is the remainder when 76 is divided by 42?
34
Calculate the remainder when 2721 is divided by 25.
21
What is the remainder when 1713 is divided by 35?
33
Calculate the remainder when 1079 is divided by 24.
23
Calculate the remainder when 5016 is divided by 1254.
0
Calculate the remainder when 414 is divided by 139.
136
Calculate the remainder when 1631 is divided by 34.
33
What is the remainder when 14352 is divided by 55?
52
Calculate the remainder when 3691 is divided by 13.
12
Calculate the remainder when 739 is divided by 95.
74
What is the remainder when 156 is divided by 57?
42
Calculate the remainder when 332 is divided by 67.
64
Calculate the remainder when 1556 is divided by 515.
11
What is the remainder when 2338 is divided by 25?
13
Calculate the remainder when 355 is divided by 31.
14
What is the remainder when 370 is divided by 126?
118
Calculate the remainder when 162 is divided by 51.
9
What is the remainder when 5772 is divided by 165?
162
What is the remainder when 54 is divided by 25?
4
What is the remainder when 1607 is divided by 5?
2
What is the remainder when 867 is divided by 13?
9
What is the remainder when 1014 is divided by 29?
28
What is the remainder when 156 is divided by 63?
30
Calculate the remainder when 1057 is divided by 215.
197
What is the remainder when 284 is divided by 37?
25
Calculate the remainder when 118 is divided by 5.
3
Calculate the remainder when 104 is divided by 51.
2
Calculate the remainder when 8589 is divided by 4287.
15
Calculate the remainder when 163 is divided by 33.
31
What is the remainder when 428 is divided by 410?
18
What is the remainder when 118 is divided by 14?
6
What is the remainder when 391 is divided by 38?
11
What is the remainder when 16 is divided by 6?
4
Calculate the remainder when 76 is divided by 8.
4
What is the remainder when 146 is divided by 76?
70
What is the remainder when 105 is divided by 30?
15
Calculate the remainder when 1485 is divided by 31.
28
Calculate the remainder when 3673 is divided by 25.
23
Calculate the remainder when 221 is divided by 14.
11
Calculate the remainder when 74 is divided by 25.
24
What is the remainder when 102 is divided by 35?
32
Calculate the remainder when 3358 is divided by 224.
222
What is the remainder when 31 is divided by 11?
9
What is the remainder when 509 is divided by 242?
25
What is the remainder when 341 is divided by 32?
21
Calculate the remainder when 1589 is divided by 47.
38
Calculate the remainder when 371 is divided by 19.
10
What is the remainder when 15353 is divided by 18?
17
Calculate the remainder when 96 is divided by 41.
14
Calculate the remainder when 48 is divided by 5.
3
Calculate the remainder when 139 is divided by 44.
7
Calculate the remainder when 623 is divided by 171.
110
Calculate the remainder when 10030 is divided by 176.
174
What is the remainder when 18299 is divided by 30?
29
What is the remainder when 1703 is divided by 15?
8
Calculate the remainder when 411 is divided by 87.
63
Calculate the remainder when 2477 is divided by 34.
29
What is the remainder when 158 is divided by 25?
8
What is the remainder when 1468 is divided by 35?
33
What is the remainder when 564 is divided by 10?
4
Calculate the remainder when 183 is divided by 23.
22
What is the remainder when 348 is divided by 119?
110
What is the remainder when 485 is divided by 55?
45
Calculate the remainder when 697 is divided by 100.
97
What is the remainder when 771 is divided by 170?
91
Calculate the remainder when 57 is divided by 12.
9
Calculate the remainder when 788 is divided by 20.
8
What is the remainder when 875 is divided by 205?
55
What is the remainder when 1281 is divided by 12?
9
What is the remainder when 92 is divided by 9?
2
What is the remainder when 701 is divided by 242?
217
Calculate the remainder when 90 is divided by 39.
12
What is the remainder when 936 is divided by 310?
6
What is the remainder when 109 is divided by 20?
9
What is the remainder when 736 is divided by 735?
1
What is the remainder when 87 is divided by 56?
31
Calculate the remainder when 161 is divided by 31.
6
Calculate the remainder when 459 is divided by 442.
17
Calculate the remainder when 324 is divided by 65.
64
Calculate the remainder when 223 is divided by 11.
3
Calculate the remainder when 228 is divided by 77.
74
Calculate the remainder when 87 is divided by 3.
0
What is the remainder when 892 is divided by 47?
46
Calculate the remainder when 17431 is divided by 46.
43
Calculate the remainder when 61 is divided by 13.
9
Calculate the remainder when 175 is divided by 61.
53
What is the remainder when 1361 is divided by 1343?
18
Calculate the remainder when 403 is divided by 188.
27
Calculate the remainder when 77 is divided by 17.
9
What is the remainder when 140 is divided by 15?
5
What is the remainder when 2027 is divided by 66?
47
What is the remainder when 58 is divided by 33?
25
What is the remainder when 427 is divided by 4?
3
Calculate the remainder when 10448 is divided by 209.
207
What is the remainder when 72764 is divided by 165?
164
What is the remainder when 1094 is divided by 137?
135
What is the remainder wh